n base 16, what is -161 + -44f1?
-4652
In base 10, what is -92646 - -2481?
-90165
In base 8, what is 3453217 + 54?
3453273
In base 2, what is 1111101110111 + 1111000000?
10001100110111
In base 6, what is 135103 + -145103?
-10000
In base 6, what is -11041 + 3052543?
3041502
In base 14, what is 1 - -a5897?
a5898
In base 13, what is -1 + 1078c5c?
1078c5b
In base 16, what is 4ccf67 - 3?
4ccf64
In base 14, what is -3 + -a4d33?
-a4d36
In base 11, what is -3782350 - 26?
-3782376
In base 12, what is 13947 - 120a?
12739
In base 4, what is -200302300 + 2203?
-200300031
In base 8, what is -2 + -76724215?
-76724217
In base 4, what is -1003312033012 - -10?
-1003312033002
In base 6, what is 105 - 13553200?
-13553051
In base 5, what is 3 - -14004132331?
14004132334
In base 10, what is -9 + -6979756?
-6979765
In base 15, what is -254a + 8c2b?
66d1
In base 2, what is -110000110100 - 110001001100?
-1100010000000
In base 14, what is -14393d + 173?
-1437aa
In base 6, what is 151 - -31241523?
31242114
In base 16, what is 30c59 + -244?
30a15
In base 14, what is 1 + -2dc89371?
-2dc89370
In base 6, what is 30 - -33045304?
33045334
In base 3, what is 12 + -200120201102210?
-200120201102121
In base 15, what is 20da7374 - 0?
20da7374
In base 16, what is 3 - a0679?
-a0676
In base 14, what is -4c - 5a91d?
-5a96b
In base 13, what is 195ba48 + -11?
195ba37
In base 8, what is 262 + 76010?
76272
In base 12, what is -b0a5025 - -3?
-b0a5022
In base 12, what is -42b83 + 3a5?
-4279a
In base 2, what is 101 + 1010000010011101011101000?
1010000010011101011101101
In base 10, what is -36999 - -219?
-36780
In base 16, what is be507 + -b?
be4fc
In base 6, what is 3032520420 + -2?
3032520414
In base 15, what is 1e6413 + -5?
1e640d
In base 11, what is -40475 - a00?
-41375
In base 16, what is -3036 - 5e1?
-3617
In base 8, what is -616420 + -12766?
-631406
In base 7, what is 13 - 464100?
-464054
In base 8, what is 17 - 354767626?
-354767607
In base 6, what is 41350 + 33?
41423
In base 16, what is 649f781 + 7?
649f788
In base 16, what is -2811 - 799?
-2faa
In base 12, what is -1 + 17b7523?
17b7522
In base 7, what is 65533 + 333105?
431641
In base 7, what is -160 + -3464021?
-3464211
In base 4, what is -3 + -13221303321021?
-13221303321030
In base 10, what is 117 - -1753252?
1753369
In base 9, what is -5 + 3848867?
3848862
In base 15, what is ae1 - 2441d?
-2382c
In base 2, what is 1000 - 10110011001111000101?
-10110011001110111101
In base 8, what is -3 + 127627515?
127627512
In base 14, what is -1 + 68577?
68576
In base 10, what is 323 + -2161?
-1838
In base 16, what is -22f2b - -1?
-22f2a
In base 10, what is 44 + 623382?
623426
In base 15, what is -584c24 + 8?
-584c1b
In base 5, what is 32311413330 - 2?
32311413323
In base 11, what is -5 - 2a6a33?
-2a6a38
In base 15, what is -5 + 22357c?
223577
In base 11, what is -14989869 - 2?
-14989870
In base 5, what is 20242 - -21100?
41342
In base 9, what is 17 - 755647?
-755630
In base 6, what is -35552051 - -23?
-35552024
In base 14, what is -10404296 - 1?
-10404297
In base 14, what is 1206 + 1b3?
13b9
In base 15, what is -7005 + -6b3?
-76b8
In base 9, what is 3388847275 - -3?
3388847278
In base 6, what is 41 + -22324212?
-22324131
In base 15, what is -42 - d2b5?
-d307
In base 12, what is 7 + -1a6829b?
-1a68294
In base 13, what is a77206 - c6?
a77110
In base 2, what is 101010011101 + 1000110101000?
1110001000101
In base 13, what is 35893 - -139?
359cc
In base 5, what is -4103124044 - 14?
-4103124113
In base 3, what is -2 - 1001110112121201?
-1001110112121210
In base 14, what is -2 - b6ad921?
-b6ad923
In base 3, what is -111210102221212 + -1?
-111210102221220
In base 10, what is -46 + -8920450?
-8920496
In base 4, what is 1 + 1103230302?
1103230303
In base 7, what is -12532535426 - -4?
-12532535422
In base 9, what is 336 + -47177?
-46741
In base 10, what is 3208 + 6035?
9243
In base 10, what is -754 + 4392?
3638
In base 6, what is 3422244204 + 10?
3422244214
In base 4, what is -131332 - 202011?
-1000003
In base 3, what is -10112212 - -100201202222?
100121020010
In base 6, what is -30251511 + 321?
-30251150
In base 4, what is -2323 - 121321311233?
-121321320222
In base 14, what is 5b6a4 - -12?
5b6b6
In base 6, what is 153113430 - 1021?
153112405
In base 12, what is 1b8637 + 92?
1b8709
In base 13, what is -1 - 931b38?
-931b39
In base 11, what is -87 - 8695092?
-8695169
In base 16, what is -5011032 - -2?
-5011030
In base 15, what is 115 - 45476?
-45361
In base 12, what is -6 + -26215?
-2621b
In base 7, what is -5 - -3514032531?
3514032523
In base 3, what is -210121 - -21001011?
20020120
In base 7, what is 12426006 + -5?
12426001
In base 11, what is -112 + 13946?
13834
In base 3, what is 102112 + -10121211122?
-10121102010
In base 3, what is -20211112020222 + 2200?
-20211112011022
In base 5, what is 210 - -132400032?
132400242
In base 8, what is -46255 + 23?
-46232
In base 7, what is -52 - -14242056?
14242004
In base 14, what is 4b6d + 1675?
6404
In base 6, what is -1503344 + 11302?
-1452042
In base 3, what is -112 + -10100102002011?
-10100102002200
In base 15, what is 602e - 9a2b?
-39ec
In base 8, what is 0 + -20425706?
-20425706
In base 11, what is -33a4 + 14?
-3390
In base 5, what is 42424 - 1142040?
-1044111
In base 11, what is 36 - -1297a699?
1297a724
In base 14, what is -3951 - -16a7?
-2288
In base 6, what is -1355401032 - 1?
-1355401033
In base 14, what is 1319bc0 - -1?
1319bc1
In base 6, what is -10025055 - 3051?
-10032150
In base 16, what is -8d1c1 + -4a2?
-8d663
In base 12, what is -3 - 6520046?
-6520049
In base 13, what is -201 + 54554?
54353
In base 3, what is -1202220 - -111200122?
102220202
In base 13, what is 1011ba35 + -1?
1011ba34
In base 7, what is -613002336 + -2?
-613002341
In base 6, what is -22 + 4415412?
4415350
In base 8, what is 6 + 1310471110?
1310471116
In base 16, what is 284 + 12689?
1290d
In base 5, what is 3 - 304114001?
-304113443
In base 11, what is -4 - 1185763?
-1185767
In base 13, what is 2 + 292485?
292487
In base 6, what is -234350434 + 44?
-234350350
In base 7, what is -361422606 - 4?
-361422613
In base 11, what is -36 - 33787a?
-337905
In base 7, what is 506561616 - -11?
506561630
In base 5, what is -1442314 + -14?
-1442333
In base 16, what is 0 + 629f5fd?
629f5fd
In base 13, what is 1528350 + 2?
1528352
In base 3, what is -1011121011 + -221?
-1011122002
In base 7, what is 3160126 - -41?
3160200
In base 5, what is 3324020 - 11243?
3312222
In base 12, what is 166452 - 188?
166286
In base 11, what is -96 + 252322?
252237
In base 13, what is -222 + ac9c?
aa7a
In base 2, what is -10101110000 + -11000010000000?
-11010111110000
In base 2, what is -11000110000011 - -1010001?
-11000100110010
In base 15, what is 4940 - c6?
4869
In base 15, what is -39ba290 - 1?
-39ba291
In base 5, what is -13 + -43342442?
-43343010
In base 16, what is 20b - -36431?
3663c
In base 16, what is -1005 + 202b?
1026
In base 3, what is -11211200010210102 - 11?
-11211200010210120
In base 10, what is -79390318 + 3?
-79390315
In base 8, what is 40 + -563732?
-563672
In base 2, what is -10101100011011 - -1001101100001?
-1011110111010
In base 14, what is 1992 - 46c0?
-2b2c
In base 6, what is -205003 + -541024?
-1150031
In base 4, what is 13022 + -1133100320?
-1133021232
In base 3, what is 21220011000221 - -22?
21220011001020
In base 13, what is c451c - 5?
c4517
In base 16, what is 2 - 6158aef?
-6158aed
In base 6, what is -2350 - 101021?
-103411
In base 8, what is -1 + -417754120?
-417754121
In base 13, what is -3 + -88606?
-88609
In base 8, what is -145702 - -513?
-145167
In base 4, what is 112 - 1113313011?
-1113312233
In base 4, what is -2012013300 - 2?
-2012013302
In base 7, what is 5 - -5504321?
5504326
In base 10, what is -14441643 - -1?
-14441642
In base 4, what is 2 - -2203211221?
2203211223
In base 16, what is 29b - 1bf8?
-195d
In base 5, what is -11324 + 1232211?
1220332
In base 9, what is -42 + -11187?
-11240
In base 5, what is -2130432 + -1043?
-2132030
In base 4, what is -1220 - 1303210212?
-1303212032
In base 4, what is 3 + -3212303131212?
-3212303131203
In base 16, what is 2 - 248a4d3?
-248a4d1
In base 2, what is 11 - 1100110110010101101010101?
-1100110110010101101010010
In base 16, what is 10 - 1c4432?
-1c4422
In base 10, what is 2469